of 322?
False
Is 2702 a multiple of 14?
True
Is 8 a factor of 104?
True
Is 564 a multiple of 12?
True
Is 20733 a multiple of 48?
False
Does 120 divide 2320?
False
Is 11 a factor of 9438?
True
Is 71159 a multiple of 20?
False
Is 1342 a multiple of 61?
True
Is 14 a factor of 1596?
True
Is 20053 a multiple of 11?
True
Is 10672 a multiple of 116?
True
Does 21 divide 43?
False
Is 32 a factor of 1856?
True
Is 1900 a multiple of 20?
True
Is 8873 a multiple of 23?
False
Is 10 a factor of 290?
True
Is 2142 a multiple of 9?
True
Is 9 a factor of 67?
False
Is 9 a factor of 243?
True
Is 8 a factor of 56?
True
Does 15 divide 585?
True
Is 14 a factor of 84?
True
Is 400 a multiple of 28?
False
Is 16 a factor of 2432?
True
Is 81 a factor of 3321?
True
Is 10 a factor of 7676?
False
Does 14 divide 2028?
False
Is 28 a factor of 364?
True
Is 36 a factor of 10928?
False
Is 83 a factor of 3818?
True
Is 180 a factor of 1456?
False
Is 195 a multiple of 6?
False
Does 93 divide 12927?
True
Does 17 divide 15329?
False
Is 24990 a multiple of 60?
False
Is 1705 a multiple of 72?
False
Is 50 a factor of 29100?
True
Is 2875 a multiple of 25?
True
Does 6 divide 8233?
False
Is 45 a factor of 900?
True
Is 85414 a multiple of 205?
False
Is 792 a multiple of 18?
True
Does 11 divide 480?
False
Does 19 divide 34124?
True
Is 147 a factor of 10878?
True
Is 112 a factor of 675?
False
Is 4440 a multiple of 60?
True
Does 19 divide 853?
False
Does 206 divide 52324?
True
Does 12 divide 1092?
True
Is 63 a factor of 211?
False
Does 167 divide 2051?
False
Is 35 a factor of 35350?
True
Is 1796 a multiple of 124?
False
Is 140 a factor of 4847?
False
Is 3 a factor of 199?
False
Does 11 divide 7172?
True
Is 3 a factor of 1228?
False
Is 5 a factor of 2976?
False
Is 13161 a multiple of 14?
False
Is 6 a factor of 8313?
False
Does 15 divide 9600?
True
Is 3804 a multiple of 38?
False
Does 6 divide 2547?
False
Is 444 a multiple of 37?
True
Does 86 divide 516?
True
Is 65 a factor of 114?
False
Does 38 divide 2622?
True
Does 33 divide 6634?
False
Is 6 a factor of 5363?
False
Is 36 a factor of 144?
True
Is 875 a multiple of 13?
False
Does 13 divide 122?
False
Is 520 a multiple of 15?
False
Does 24 divide 180?
False
Does 334 divide 47573?
False
Is 10652 a multiple of 29?
False
Does 13 divide 4295?
False
Is 756 a multiple of 14?
True
Is 14 a factor of 83?
False
Is 17231 a multiple of 25?
False
Is 3280 a multiple of 72?
False
Is 17 a factor of 31246?
True
Does 2 divide 7209?
False
Is 15 a factor of 150?
True
Does 14 divide 2570?
False
Is 36873 a multiple of 241?
True
Is 5 a factor of 573?
False
Does 21 divide 27762?
True
Is 72 a factor of 5760?
True
Is 114 a factor of 72960?
True
Does 26 divide 1066?
True
Is 43 a factor of 1750?
False
Is 13 a factor of 3127?
False
Does 6 divide 279?
False
Does 102 divide 1530?
True
Does 10 divide 11590?
True
Is 62385 a multiple of 202?
False
Is 5469 a multiple of 95?
False
Does 17 divide 90?
False
Does 101 divide 5656?
True
Does 8 divide 408?
True
Is 46444 a multiple of 14?
False
Is 17276 a multiple of 14?
True
Is 43827 a multiple of 38?
False
Is 1080 a multiple of 72?
True
Does 17 divide 15776?
True
Is 441 a multiple of 63?
True
Is 4 a factor of 1900?
True
Is 15 a factor of 675?
True
Is 4071 a multiple of 2?
False
Is 9 a factor of 6795?
True
Is 4470 a multiple of 10?
True
Is 440 even?
True
Is 10 a factor of 552?
False
Does 14 divide 3759?
False
Is 63124 a multiple of 86?
True
Is 7 a factor of 210?
True
Is 8 a factor of 928?
True
Is 21 a factor of 4200?
True
Does 22 divide 27169?
False
Is 27 a factor of 5231?
False
Is 58077 a multiple of 229?
False
Is 7098 a multiple of 39?
True
Does 27 divide 112?
False
Is 3 a factor of 158?
False
Is 400 a multiple of 25?
True
Does 41 divide 26556?
False
Is 11 a factor of 616?
True
Does 9 divide 8451?
True
Does 25 divide 346?
False
Does 10 divide 19648?
False
Is 17347 a multiple of 56?
False
Is 8 a factor of 14425?
False
Is 9 a factor of 36?
True
Is 37087 a multiple of 74?
False
Is 269 a factor of 83390?
True
Is 125222 a multiple of 12?
False
Is 9 a factor of 1629?
True
Does 26 divide 7358?
True
Is 195 a factor of 14430?
True
Is 229 a multiple of 25?
False
Is 5 a factor of 66?
False
Is 66 a factor of 19866?
True
Is 9 a multiple of 4?
False
Is 88544 a multiple of 142?
False
Is 1672 a multiple of 8?
True
Does 17 divide 1266?
False
Is 11 a factor of 3025?
True
Is 861 a multiple of 7?
True
Is 150 a factor of 44100?
True
Is 15 a factor of 7148?
False
Is 7241 a multiple of 13?
True
Is 107 a factor of 55854?
True
Does 25 divide 194?
False
Is 1400 a multiple of 35?
True
Does 20 divide 3980?
True
Does 11 divide 4785?
True
Does 9 divide 487?
False
Does 102 divide 5008?
False
Is 748 a multiple of 11?
True
Is 20 a factor of 308?
False
Is 16 a factor of 5008?
True
Is 37 a factor of 1110?
True
Is 2815 a multiple of 5?
True
Is 363 a multiple of 83?
False
Does 487 divide 106083?
False
Does 68 divide 1020?
True
Does 12 divide 8208?
True
Does 44 divide 240?
False
Is 25 a factor of 3797?
False
Does 4 divide 3989?
False
Is 21147 a multiple of 69?
False
Is 13 a factor of 2157?
False
Does 3 divide 5023?
False
Does 77 divide 819?
False
Is 63 a multiple of 9?
True
Does 16 divide 71493?
False
Does 85 divide 15521?
False
Is 62 even?
True
Is 59 a factor of 19647?
True
Is 65983 a multiple of 326?
False
Does 218 divide 6757?
False
Is 18 a factor of 5216?
False
Does 74 divide 5846?
True
Is 377 a multiple of 7?
False
Is 50 a factor of 700?
True
Does 7 divide 676?
False
Does 22 divide 4897?
False
Does 22 divide 2113?
False
Is 17687 a multiple of 23?
True
Is 10 a factor of 461?
False
Is 374 a factor of 34408?
True
Is 7349 a multiple of 116?
False
Is 25 a factor of 29150?
True
Is 77 a factor of 1867?
False
Does 20 divide 8360?
True
Does 23 divide 905?
False
Is 32 a factor of 767?
False
Is 2263 a multiple of 73?
True
Is 3 a factor of 756?
True
Is 46892 a multiple of 38?
True
Is 8517 a multiple of 13?
False
Is 276 a multiple of 92?
True
Is 38276 a multiple of 8?
False
Is 85 a factor of 39866?
False
Is 2 a factor of 17?
False
Does 10 divide 1900?
True
Is 27556 a multiple of 83?
True
Does 39 divide 927?
False
Does 33 divide 8778?
True
Is 74630 a multiple of 111?
False
Is 78 a factor of 8502?
True
Is 30 a factor of 327?
False
Is 118 a factor of 16520?
True
Is 288 a multiple of 9?
True
Does 27 divide 894?
False
Is 23 a factor of 528?
False
Is 43 a factor of 3990?
False
Is 40095 a multiple of 81?
True
Is 1683 a multiple of 12?
False
Is 6514 a multiple of 22?
False
Is 12 a factor of 900?
True
Is 40 a factor of 28921?
False
Is 2415 a multiple of 26?
False
Does 214 divide 1782?
False
Is 320 a multiple of 90?
False
Is 9287 a multiple of 37?
True
Does 9 divide 6737?
False
Is 3030 a multiple of 4?
False
Does 45 divide 1395?
True
Does 24 divide 5064?
True
Does 45 divide 9990?
True
Is 3 a factor of 232?
False
Is 182 a factor of 16562?
True
Does 8 divide 40?
True
Is 21556 a multiple of 17?
True
Does 116 divide 2826?
False
Does 102 divide 1122?
True
Does 26 divide 546?
True
Is 4146 a multiple of 53?
False
Is 1039 a multiple of 4?
False
Is 1306 a multiple of 11?
False
Is 386 a factor of 15457?
False
Does 40 divide 1640?
True
Is 24 a factor of 13758?
False
Is 219 a factor of 39201?
True
Does 60 divide 29220?
True
Is 691 a multiple of 9?
False
Is 2145 a multiple of 15?
True
Is 187 a factor of 27478?
False
Does 9 divide 378?
True
Does 103 divide 19055?
True
Is 327 a multiple of 3?
True
Does 6 divide 1049?
False
Is 358 a multiple of 3?
False
Is 18450 a multiple of 205?
True
Is 30208 a multiple of 32?
True
Does 5 divide 353?
False
Does 9 divide 12096?
True
Does 10 divide 2180?
True
Does 12 divide 2535?
False
Is 12 a factor of 12418?
False
Is 27 a factor of 1547?
False
Does 8 divide 74?
False
Is 1131 a multiple of 5?
False
Is 30 a factor of 6324?
False
Is 3 a factor of 300?
True
Is 884 a multiple of 13?
True
Is 11 a factor of 3883?
True
Is 826 a multiple of 59?
True
Does 6 divide 11001?
False
Is 61650 a multiple of 47?
False
Is 3640 a multiple of 28?
True
Is 10 a factor of 3930?
True
Does 37 divide 12339?
False
Does 11 divide 847?
True
Is 488 even?
True
Is 54 a factor of 7290?
True
Is 6 a factor of 36?
True
Is 208 a factor of 1572?
False
Is 13 a factor of 3973?
False
Does 85 divide 2289?
Fal